 (base 6) to base 5
221223
-1246 (base 9) to base 2
-1110100101
What is -47317 (base 10) in base 2?
-1011100011010101
-10312 (base 4) to base 2
-100110110
Convert 125 (base 7) to base 6.
152
What is 1b3b (base 15) in base 13?
28c4
101011010010010 (base 2) to base 14
8110
Convert -100010011001001 (base 2) to base 16.
-44c9
Convert d7 (base 15) to base 13.
127
Convert 10101000010 (base 2) to base 9.
1755
1cc9 (base 13) to base 9
6017
-826 (base 9) to base 6
-3040
1015 (base 8) to base 6
2233
Convert 1132114 (base 5) to base 4.
11012231
1020 (base 8) to base 11
440
6b7 (base 13) to base 8
2214
Convert -672 (base 8) to base 15.
-1e7
What is -30144 (base 6) in base 4?
-331300
What is e90 (base 15) in base 8?
6325
Convert 2220111120 (base 3) to base 12.
29150
50397 (base 10) to base 15
edec
-bb (base 15) to base 2
-10110000
What is 7074 (base 8) in base 10?
3644
305 (base 6) to base 16
71
204304 (base 5) to base 7
25624
-212230 (base 4) to base 11
-1951
What is 8a81 (base 11) in base 13?
5590
Convert -1020100112 (base 3) to base 7.
-130613
Convert -3301 (base 4) to base 2.
-11110001
Convert 121112 (base 3) to base 4.
12332
Convert -1597 (base 14) to base 13.
-19a9
-20559 (base 11) to base 2
-111010011111111
What is 2211212121 (base 3) in base 5?
3243131
-1806 (base 10) to base 7
-5160
-13004 (base 7) to base 11
-2642
What is -1b35 (base 14) in base 8?
-11523
10011011 (base 2) to base 14
b1
Convert -110001010010111 (base 2) to base 14.
-92ab
What is 5502 (base 13) in base 8?
27070
Convert -322 (base 15) to base 12.
-4ab
Convert 103001 (base 4) to base 3.
1200002
1245 (base 9) to base 5
12212
Convert 411 (base 9) to base 13.
1c9
Convert -114c (base 13) to base 15.
-ac0
What is -111142 (base 6) in base 4?
-2102012
What is -1a7a (base 14) in base 3?
-20121020
What is -100001 (base 2) in base 5?
-113
410 (base 12) to base 16
24c
-192 (base 14) to base 4
-11010
What is 4d79 (base 14) in base 5?
414011
Convert -2100200 (base 3) to base 4.
-122313
Convert f6e (base 16) to base 13.
1a4b
What is -264 (base 8) in base 14?
-cc
-18486 (base 9) to base 10
-12795
What is 1a1b (base 15) in base 9?
7668
Convert 31230 (base 6) to base 8.
10142
Convert 4177 (base 11) to base 4.
1112121
Convert cb8 (base 14) to base 12.
1556
123316 (base 7) to base 8
54416
Convert 94 (base 12) to base 10.
112
Convert 1223 (base 10) to base 12.
85b
161 (base 7) to base 15
62
What is -4411 (base 8) in base 7?
-6513
What is 41537 (base 8) in base 14?
63dd
Convert 232 (base 4) to base 5.
141
What is cc (base 15) in base 16?
c0
-2103123 (base 4) to base 16
-24db
-38c (base 14) to base 9
-871
What is -23223 (base 5) in base 11?
-12a5
What is 2211102 (base 3) in base 16?
80f
Convert 92c (base 14) to base 15.
804
Convert 14671 (base 8) to base 3.
100000220
Convert 226 (base 10) to base 7.
442
-2602 (base 7) to base 3
-1100101
17304 (base 9) to base 16
2e87
Convert -718 (base 9) to base 11.
-491
Convert -c74 (base 14) to base 7.
-10104
Convert -1011010100100 (base 2) to base 7.
-22620
Convert -4113 (base 8) to base 7.
-6122
What is -4119 (base 11) in base 7?
-21635
Convert 6e7 (base 16) to base 10.
1767
What is -12000221 (base 3) in base 14?
-14a2
What is -3496 (base 12) in base 13?
-289b
32330 (base 5) to base 4
202213
What is -2068 (base 13) in base 14?
-18c0
Convert -587 (base 15) to base 16.
-4e4
What is 240331 (base 5) in base 7?
34530
Convert 101111011101 (base 2) to base 13.
14c8
What is 145 (base 6) in base 14?
49
Convert 45545 (base 11) to base 12.
32155
-2cc (base 14) to base 10
-572
Convert 7012 (base 11) to base 2.
10010001110010
What is -1498 (base 11) in base 5?
-30142
What is 8988 (base 14) in base 9?
35624
11010101 (base 3) to base 9
4111
133645 (base 7) to base 2
110001100010110
Convert 101002002 (base 3) to base 8.
16262
26616 (base 8) to base 14
4370
2001212002 (base 3) to base 5
2300333
2033 (base 8) to base 16
41b
What is 1188 (base 11) in base 7?
4341
-211421 (base 7) to base 10
-36569
116140 (base 8) to base 4
21301200
Convert -1480 (base 9) to base 12.
-799
521 (base 9) to base 6
1544
639 (base 10) to base 2
1001111111
Convert 39d (base 16) to base 11.
771
What is -324304 (base 6) in base 3?
-1100220011
Convert 1001011111 (base 2) to base 4.
21133
Convert -77a5 (base 15) to base 12.
-1280b
18225 (base 12) to base 14
c9d3
What is 11556 (base 10) in base 4?
2310210
Convert -42322 (base 7) to base 6.
-120221
Convert -2170 (base 10) to base 14.
-b10
5568 (base 10) to base 7
22143
-a542 (base 14) to base 9
-43052
Convert 13232233 (base 4) to base 16.
7baf
Convert -2110 (base 12) to base 2.
-111000011100
What is 10171 (base 10) in base 13?
4825
Convert -2aa75 (base 11) to base 13.
-16c89
What is 1827 (base 12) in base 16?
b5f
What is -10621 (base 7) in base 9?
-3641
What is -1275 (base 12) in base 8?
-4071
11110000000 (base 2) to base 10
1920
Convert -4205 (base 6) to base 16.
-3ad
What is 3880 (base 10) in base 13?
19c6
Convert -144e (base 15) to base 6.
-32045
Convert -3757 (base 10) to base 9.
-5134
Convert -33224 (base 6) to base 4.
-1020100
What is 20702 (base 12) in base 6?
524402
70 (base 10) to base 15
4a
Convert 311 (base 15) to base 9.
847
872 (base 15) to base 4
131303
44 (base 7) to base 13
26
What is 1407 (base 9) in base 2?
10000100100
-5157 (base 9) to base 2
-111011000010
Convert -22301 (base 8) to base 11.
-7084
2010102000 (base 3) to base 12
20276
What is 4016 (base 8) in base 13?
c28
71b (base 16) to base 2
11100011011
Convert 7847 (base 12) to base 8.
31767
-122022200 (base 3) to base 9
-18280
65 (base 11) to base 2
1000111
What is 4a68 (base 11) in base 2?
1100111010000
Convert 223200 (base 4) to base 10.
2784
10323033 (base 4) to base 15
5ea0
What is -1873 (base 14) in base 13?
-2016
What is -1a5d (base 14) in base 6?
-34055
1d1 (base 16) to base 7
1233
-587 (base 15) to base 10
-1252
Convert -266 (base 13) to base 16.
-1a6
What is 64612 (base 7) in base 10?
16081
Convert -8793 (base 12) to base 6.
-153103
-5050 (base 13) to base 16
-2b2a
111010101 (base 2) to base 9
571
-123112 (base 4) to base 2
-11011010110
What is -103320 (base 6) in base 11?
-6468
Convert 310 (base 12) to base 10.
444
Convert 142 (base 13) to base 11.
193
Convert 1121221200 (base 3) to base 13.
11778
11102010 (base 3) to base 6
22520
Convert 10110111001 (base 2) to base 8.
2671
235511 (base 6) to base 12
bb97
-5561 (base 7) to base 10
-2003
3033 (base 8) to base 3
2010220
Convert -1508 (base 11) to base 5.
-30234
What is 110134 (base 5) in base 12?
2242
Convert -88b (base 13) to base 9.
-2010
What is e20 (base 16) in base 12?
2114
What is -4baa (base 15) in base 2?
-11111100000111
Convert 4e (base 16) to base 11.
71
110111011 (base 2) to base 10
443
5e9 (base 16) to base 13
8c5
Convert -32424 (base 5) to base 2.
-100010111111
Convert 1241 (base 8) to base 7.
1651
Convert -1222 (base 5) to base 10.
-187
bc4 (base 13) to base 15
8e9
Convert -132233 (base 5) to base 10.
-5318
What is 21894 (base 10) in base 2?
101010110000110
Convert 20112220 (base 3) to base 8.
11250
113000 (base 4) to base 14
772
-7820 (base 10) to base 12
-4638
Convert -14433 (base 6) to base 12.
-1419
656 (base 7) to base 5
2320
Convert 21022112 (base 3) to base 15.
18a8
What is -14616 (base 7) in base 13?
-1b1b
What is -a23 (base 15) in base 12?
-13a3
What is -732d (base 16) in base 15?
-8b0a
-2010112 (base 3) to base 6
-11105
What is 73d4 (base 16) in base 3?
1111200020
2a9 (base 14) to base 13
328
Convert 13403 (base 5) to base 3.
1111212
What is 11001110010 (base 2) in base 15?
750
ab (base 16) to base 4
2223
5a4 (base 16) to base 11
10a3
-3133 (base 4) to base 16
-df
144d (base 16) to base 5
131242
Convert -6618 (base 15) to base 14.
-7c47
1022010 (base 4) to base 6
33540
-100101011010 (base 2) to base 9
-3250
What is -2007 (base 10) in base 15?
-8dc
What is -807 (base 10) in base 8?
-1447
Convert -1002020 (base 3) to base 14.
-405
-2526 (base 10) to base 11
-1997
Convert e72 (base 16) to base 13.
18b6
What is -2160 (base 8) in base 9?
-1502
What is 12113210 (base 4) in base 14?
9712
-315614 (base 7) to base 6
-1101522
Convert 22962 (base 10) to base 2.
101100110110010
What is a677 (base 13) in base 9?
34586
-783b (base 14) to base 15
-6289
What is 2000220012 (base 3) in base 11?
28081
Convert -3202232 (ba